 factors of 169/9 + x/(-18)?
19
Let b(q) = q**3 - 8*q**2 - 5*q. Let m be b(5). Let j = m + 160. What are the prime factors of j?
2, 3, 5
Let b(s) = 5*s**2 + 9*s - 7. List the prime factors of b(-5).
73
Let x = 340 + 161. What are the prime factors of x?
3, 167
Suppose -s + 5*s + 52 = 0. Let z = 29 + s. Suppose -72 = -2*d - z. What are the prime factors of d?
2, 7
Let u be ((-342)/(-7))/((-1)/(-7)). Suppose -3*j - 138 = u. List the prime factors of (2 - j/12)*3.
2, 23
Let x(i) = -2*i - 12. Let f be x(-10). Suppose j - 3*t = -7*t + 12, f = 4*t. Suppose -4*a + 33 = v - 0*v, 0 = 3*v - j*a - 67. What are the prime factors of v?
5
Suppose -4*n = -0*b - 3*b - 5, 0 = 2*n + 3*b - 25. Suppose 0 = -n*s + p - 42, s - 6*s - 46 = -3*p. What are the prime factors of (-5 - s)/((-1)/(-15))?
3, 5
Let m be (-3776)/10 + 2/(-20)*-6. Let o = m - -584. List the prime factors of o.
3, 23
Let l be (212/6 + -2)*3. Suppose l = 3*o - o. Suppose o + 46 = 4*n. What are the prime factors of n?
2, 3
Suppose 0 = -3*w + 4*q + 3, 3*q - 3 = 2*q. Suppose -w*j + j - 712 = -4*u, -2*j = -4*u + 706. List the prime factors of u.
5, 7
Let p = -8 - -3. Let w = 37 + p. List the prime factors of w.
2
Let r be -2*(1/2)/1. Let o be (-2 - r) + (6 - 3). Suppose o*d + 2*d + 60 = 4*y, 99 = 5*y + 3*d. What are the prime factors of y?
2, 3
Suppose 0 = 4*g - 3*g - 7. Suppose 2*o - 18 = 5*b + g, -3*o - 25 = 5*b. Suppose -5*v + 18 + 17 = o. List the prime factors of v.
7
Let b(o) = o**3 - 13*o**2 + 17*o + 27. List the prime factors of b(20).
3167
Let h = -64 + 46. Let w = h + 39. List the prime factors of w.
3, 7
Suppose 34 = 17*n - 51. Suppose 5*s + 5*c = 1753 - 583, n*c = 2*s - 475. What are the prime factors of s?
5, 47
Let l(z) = 7*z**2 + 15*z - 1. Let s(c) = -20*c**2 - 45*c + 3. Let u(o) = 17*l(o) + 6*s(o). List the prime factors of u(-9).
5, 11
Let k(b) be the third derivative of 3*b**5/5 + b**4/24 + 2*b**2. Let c be k(-1). Let n = c - 23. List the prime factors of n.
2, 3
Let n(c) = c**2 - 7*c - 5. Let w be n(8). Suppose -w*j + 21 = 6. Suppose -4 = 5*p + j*i - 59, -40 = -4*p - 3*i. List the prime factors of p.
7
What are the prime factors of -8 + 1 - (-29)/((-580)/(-87620))?
2, 3
Suppose 6*z = 10*z - 488. What are the prime factors of (-8)/(-4)*z*4/16?
61
Let u be -86 + -2*(0 - 1). List the prime factors of (72/28)/((-9)/u).
2, 3
Let m(l) = l**2 - 4*l + 10. Let i be m(7). Suppose -6*o + 707 + i = 0. Suppose 445 + o = 8*f. What are the prime factors of f?
71
Suppose -40 = -18*w + 8*w. Suppose -j - 2*j + 30 = -2*b, 4*j - 23 = -3*b. Suppose w*c - 2*c = j. List the prime factors of c.
2
List the prime factors of (13836/(-14))/(285/(-665)).
2, 1153
Suppose 5*c - m = 109, 2*m + 64 = 3*c - 0*m. List the prime factors of (-40)/3*(-363)/c.
2, 5, 11
Suppose 2*h = 9*h - 63. What are the prime factors of h?
3
Let p = 495 - 207. List the prime factors of p.
2, 3
What are the prime factors of ((-8)/12)/2 - 5331/(-9)?
2, 37
List the prime factors of ((5 - 2) + -3 + -5)*-113.
5, 113
Suppose 0 = 7*y + 440 - 2687. What are the prime factors of y?
3, 107
Let n be 2 - 20/4 - 1. Let w(c) = c**2 + c - 7. Let y be w(n). Suppose 0 = y*f + 15 - 115. List the prime factors of f.
2, 5
Suppose 0 = 2*i - 7 + 3. Suppose 5*b - 15 = 0, -3*b = i*r - 4 - 25. Suppose 14*k - 120 = r*k. List the prime factors of k.
2, 3, 5
Let g(v) = 19*v - 6. Let p(j) = -j**3 + 6*j**2 - 3*j - 8. Let z be p(5). List the prime factors of g(z).
2
Let t(o) be the second derivative of o**5/20 + o**4/3 - 4*o**3/3 - 3*o**2 - o. Let v = 11 + -16. What are the prime factors of t(v)?
3
Let d be (-4)/(-10) - (-54)/(-135). Suppose -4*r + 2*r + 640 = d. List the prime factors of r.
2, 5
Let g(c) = -c**3 + 7*c**2 - 2*c + 8. Let z be ((-3)/(-6))/((-1)/(-12)). Let h be g(z). Suppose 10*b - 6*b - h = 0. What are the prime factors of b?
2
Let k = 69 + -60. Suppose 0 = k*b - 0*b - 72. What are the prime factors of b?
2
What are the prime factors of (-4)/7 - 1310/(-14)?
3, 31
Let o = 1224 + -794. Suppose 9*w + o = 14*w. List the prime factors of w.
2, 43
Let d(o) = -o**3 + 6*o**2 + 26*o + 25. Let i be d(-6). Let z be 282/5 + 4/(-10). Suppose 5*b - i + z = 0. List the prime factors of b.
7
Let n(r) = r**2 + r - 22. List the prime factors of n(-19).
2, 5
Let f be 249/9 - 2/(-6). Suppose 5 = 2*y - 3*o - 11, 4*y - 5*o = f. Suppose -y*j - 10 = -2, 4*t - 168 = 2*j. What are the prime factors of t?
2, 5
Let j(h) = -2*h**3 - 17*h**2 - 28*h - 60. What are the prime factors of j(-12)?
2, 3, 107
Let k(s) = -2*s**3 + s**2 + 14*s - 6. Let n be k(-7). Suppose n = -4*l + 159. Let z = 196 + l. What are the prime factors of z?
2, 3, 13
Suppose 5*q + 20 = 0, 2*q = -2*y - 3*y - 768. Let f = -92 - y. Suppose 0*v + 2*v = 4*z - 90, 4*z = -4*v + f. List the prime factors of z.
2, 5
Suppose 122 = 6*y - 652. List the prime factors of y.
3, 43
Let c be -6*((-20)/(-10))/((-1)/2). Suppose -6*r - c = -96. List the prime factors of r.
2, 3
Suppose 0 = -c - 3*c + 4*o + 1980, 4*c + 2*o - 1974 = 0. List the prime factors of c.
2, 13, 19
Let x(n) = -n**3 + 5*n**2 + 20*n - 51. List the prime factors of x(-15).
3, 461
Let p be (-6)/15 - 3562/(-130). Let j be (2/(-4))/(2/(-292)). Let h = j - p. List the prime factors of h.
2, 23
What are the prime factors of (-503 - -21)*(1 - 3)?
2, 241
Let m(c) = -c**2 - 9*c + 2. Let q be m(-9). Suppose -a - q*a = 18. List the prime factors of 2/3 - 146/a.
5
Suppose 2*r - 4 = r - 2*t, -8 = -4*t. Suppose -6*n + 4*n = 2. What are the prime factors of (r + n)/((-3)/63)?
3, 7
Suppose 3*i + x + 83 = 8, -i - 4*x = 25. Suppose -2*q + 1 - 3 = 0, 5*q = -3*o - 146. Let l = i - o. What are the prime factors of l?
2, 11
Suppose f = -f - 60. List the prime factors of (-40)/f - (-83)/3.
29
Let g(o) = -o**2 - 3*o + 4. Let d be g(-4). Suppose d = 3*k - 0 - 6. What are the prime factors of k + (-37)/(3 + -4)?
3, 13
Suppose 6*l = -10*l + 5408. List the prime factors of l.
2, 13
Suppose -7*x = -77 - 2940. List the prime factors of x.
431
Suppose -5 = 3*n - o, -2*n + 7*o = 2*o + 25. Suppose -f + 23 + 3 = n. Let t = f + 21. What are the prime factors of t?
47
Let j = -13 - -19. Suppose 2*u - 4 = j. Suppose u*f = k + 177, 0 = f - 4*k - 47 + 4. List the prime factors of f.
5, 7
List the prime factors of 44*(46/8 - (2 - 3)).
3, 11
Suppose 0 = 5*b - 14 - 31. Let r(c) = -c**3 + 10*c**2 + 18*c - 9. What are the prime factors of r(b)?
2, 3, 13
Suppose -y = 4*y. Suppose -4*j - 4*c = c - 18, y = 3*j - 3*c. Suppose -j*s = -48 + 2. What are the prime factors of s?
23
Suppose 3*h - 222 = -6. Let g = h - -109. Let s = g + -129. List the prime factors of s.
2, 13
Suppose -4*q = -3*u - 2923, -27*q + 29*q = -u + 1469. What are the prime factors of q?
733
Let u = 446 + -125. Suppose 6*r + u = 987. List the prime factors of r.
3, 37
Let u be 2*2/14 - 2490/(-105). Let n(j) = 8*j + 39. What are the prime factors of n(u)?
3, 7, 11
Let h = -398 - -762. What are the prime factors of h?
2, 7, 13
Suppose 4*v = 3*i - 1303, 5*v - v = i - 421. What are the prime factors of i?
3, 7
Suppose 2*v - 611 - 667 = 0. What are the prime factors of v?
3, 71
Suppose 5*r = -4*r - 2358. What are the prime factors of (r*(-7)/(-56))/(2/(-8))?
131
Let i(y) = -3*y**3 - 37*y**2 - 33*y + 23. What are the prime factors of i(-17)?
2, 5, 463
Let h(a) = 22*a - 1. Let l be ((-2)/(-6))/((-1)/(-3)). Let z be h(l). Let v = z - 12. List the prime factors of v.
3
Let y(j) = 3*j**2 + j + 8. Let z be y(-3). Suppose -z = -a + 29. What are the prime factors of a?
61
Let s = 8 - 4. Suppose -3*n - 33 = -3*t + t, 4*n = -s*t + 56. What are the prime factors of t?
3, 5
Let w = -18 - 32. Let o = 1 - w. Suppose 3*y - o = -5*i, -21 = -0*y - 2*y + i. List the prime factors of y.
2, 3
Let s(y) = 2*y**2 + 22*y + 4. Let n be s(-11). Suppose 0 = -3*g + n*o + 294, -5*g - 4*o = -308 - 150. List the prime factors of g.
2, 47
What are the prime factors of 145 - (75/15 + (0 - 0))?
2, 5, 7
Let s(h) be the second derivative of -1/12*h**4 + 0 - 6*h**2 + 4*h + 8/3*h**3. What are the prime factors of s(9)?
3, 17
Let h(l) = 7*l**2 + l + 2. Let u(d) = 15*d**2 + 2*d + 5. Suppose 10*g - 3*g - 63 = 0. Let f(n) = g*h(n) - 4*u(n). List the prime factors of f(-3).
2, 11
Let f = 825 - -18. What are the prime factors of f?
3, 281
Let y = 34 + -32. What are the prime factors